{"id":89,"date":"2022-11-24T10:43:29","date_gmt":"2022-11-24T16:43:29","guid":{"rendered":"https:\/\/gtmtourguide.com\/?page_id=89"},"modified":"2025-07-21T02:38:22","modified_gmt":"2025-07-21T08:38:22","slug":"transporte","status":"publish","type":"page","link":"https:\/\/gtmtourguide.com\/index.php\/transporte\/","title":{"rendered":"<strong>Transporte<\/strong>"},"content":{"rendered":"\t\t<div data-elementor-type=\"wp-page\" data-elementor-id=\"89\" class=\"elementor elementor-89\">\n\t\t\t\t\t\t<section class=\"elementor-section elementor-top-section elementor-element elementor-element-4fbcc33 elementor-section-height-min-height elementor-section-boxed elementor-section-height-default elementor-section-items-middle\" data-id=\"4fbcc33\" data-element_type=\"section\" data-settings=\"{&quot;background_background&quot;:&quot;classic&quot;,&quot;shape_divider_bottom&quot;:&quot;mountains&quot;}\">\n\t\t\t\t\t<div class=\"elementor-shape elementor-shape-bottom\" aria-hidden=\"true\" data-negative=\"false\">\n\t\t\t<svg xmlns=\"http:\/\/www.w3.org\/2000\/svg\" viewBox=\"0 0 1000 100\" preserveAspectRatio=\"none\">\n\t<path class=\"elementor-shape-fill\" opacity=\"0.33\" d=\"M473,67.3c-203.9,88.3-263.1-34-320.3,0C66,119.1,0,59.7,0,59.7V0h1000v59.7 c0,0-62.1,26.1-94.9,29.3c-32.8,3.3-62.8-12.3-75.8-22.1C806,49.6,745.3,8.7,694.9,4.7S492.4,59,473,67.3z\"\/>\n\t<path class=\"elementor-shape-fill\" opacity=\"0.66\" d=\"M734,67.3c-45.5,0-77.2-23.2-129.1-39.1c-28.6-8.7-150.3-10.1-254,39.1 s-91.7-34.4-149.2,0C115.7,118.3,0,39.8,0,39.8V0h1000v36.5c0,0-28.2-18.5-92.1-18.5C810.2,18.1,775.7,67.3,734,67.3z\"\/>\n\t<path class=\"elementor-shape-fill\" d=\"M766.1,28.9c-200-57.5-266,65.5-395.1,19.5C242,1.8,242,5.4,184.8,20.6C128,35.8,132.3,44.9,89.9,52.5C28.6,63.7,0,0,0,0 h1000c0,0-9.9,40.9-83.6,48.1S829.6,47,766.1,28.9z\"\/>\n<\/svg>\t\t<\/div>\n\t\t\t\t\t<div class=\"elementor-container elementor-column-gap-default\">\n\t\t\t\t\t<div class=\"elementor-column elementor-col-100 elementor-top-column elementor-element elementor-element-7ed77f9\" data-id=\"7ed77f9\" data-element_type=\"column\">\n\t\t\t<div class=\"elementor-widget-wrap elementor-element-populated\">\n\t\t\t\t\t\t<div class=\"elementor-element elementor-element-65fed15 elementor-widget elementor-widget-text-editor\" data-id=\"65fed15\" data-element_type=\"widget\" data-widget_type=\"text-editor.default\">\n\t\t\t\t<div class=\"elementor-widget-container\">\n\t\t\t\t\t\t\t\t\t<p>TRASLADOS<\/p>\t\t\t\t\t\t\t\t<\/div>\n\t\t\t\t<\/div>\n\t\t\t\t<div class=\"elementor-element elementor-element-c57cc2d elementor-widget elementor-widget-image\" data-id=\"c57cc2d\" data-element_type=\"widget\" data-widget_type=\"image.default\">\n\t\t\t\t<div class=\"elementor-widget-container\">\n\t\t\t\t\t\t\t\t\t\t\t\t\t\t\t<img decoding=\"async\" width=\"300\" height=\"123\" src=\"https:\/\/gtmtourguide.com\/wp-content\/uploads\/2022\/12\/Sin-titulo-1-300x123.png\" class=\"attachment-medium size-medium wp-image-698\" alt=\"\" srcset=\"https:\/\/gtmtourguide.com\/wp-content\/uploads\/2022\/12\/Sin-titulo-1-300x123.png 300w, https:\/\/gtmtourguide.com\/wp-content\/uploads\/2022\/12\/Sin-titulo-1-1024x418.png 1024w, https:\/\/gtmtourguide.com\/wp-content\/uploads\/2022\/12\/Sin-titulo-1-768x314.png 768w, https:\/\/gtmtourguide.com\/wp-content\/uploads\/2022\/12\/Sin-titulo-1-1536x627.png 1536w, https:\/\/gtmtourguide.com\/wp-content\/uploads\/2022\/12\/Sin-titulo-1-2048x837.png 2048w, https:\/\/gtmtourguide.com\/wp-content\/uploads\/2022\/12\/Sin-titulo-1-600x245.png 600w\" sizes=\"(max-width: 300px) 100vw, 300px\" \/>\t\t\t\t\t\t\t\t\t\t\t\t\t\t\t<\/div>\n\t\t\t\t<\/div>\n\t\t\t\t\t<\/div>\n\t\t<\/div>\n\t\t\t\t\t<\/div>\n\t\t<\/section>\n\t\t\t\t<section class=\"elementor-section elementor-top-section elementor-element elementor-element-7b0d112 elementor-section-boxed elementor-section-height-default elementor-section-height-default\" data-id=\"7b0d112\" data-element_type=\"section\">\n\t\t\t\t\t\t<div class=\"elementor-container elementor-column-gap-default\">\n\t\t\t\t\t<div class=\"elementor-column elementor-col-100 elementor-top-column elementor-element elementor-element-da815ce\" data-id=\"da815ce\" data-element_type=\"column\">\n\t\t\t<div class=\"elementor-widget-wrap elementor-element-populated\">\n\t\t\t\t\t\t<div class=\"elementor-element elementor-element-525c789 elementor-widget elementor-widget-spacer\" data-id=\"525c789\" data-element_type=\"widget\" data-widget_type=\"spacer.default\">\n\t\t\t\t<div class=\"elementor-widget-container\">\n\t\t\t\t\t\t\t<div class=\"elementor-spacer\">\n\t\t\t<div class=\"elementor-spacer-inner\"><\/div>\n\t\t<\/div>\n\t\t\t\t\t\t<\/div>\n\t\t\t\t<\/div>\n\t\t\t\t\t<\/div>\n\t\t<\/div>\n\t\t\t\t\t<\/div>\n\t\t<\/section>\n\t\t\t\t<section class=\"elementor-section elementor-top-section elementor-element elementor-element-b39ab13 elementor-section-boxed elementor-section-height-default elementor-section-height-default elementor-invisible\" data-id=\"b39ab13\" data-element_type=\"section\" data-settings=\"{&quot;animation&quot;:&quot;fadeIn&quot;}\">\n\t\t\t\t\t\t<div class=\"elementor-container elementor-column-gap-default\">\n\t\t\t\t\t<div class=\"elementor-column elementor-col-50 elementor-top-column elementor-element elementor-element-6affa68\" data-id=\"6affa68\" data-element_type=\"column\">\n\t\t\t<div class=\"elementor-widget-wrap elementor-element-populated\">\n\t\t\t\t\t\t<div class=\"elementor-element elementor-element-72604a5 elementor-widget elementor-widget-heading\" data-id=\"72604a5\" data-element_type=\"widget\" data-widget_type=\"heading.default\">\n\t\t\t\t<div class=\"elementor-widget-container\">\n\t\t\t\t\t<h2 class=\"elementor-heading-title elementor-size-default\">Nuestros transportes<\/h2>\t\t\t\t<\/div>\n\t\t\t\t<\/div>\n\t\t\t\t<div class=\"elementor-element elementor-element-9cbf642 elementor-pagination-position-inside elementor-arrows-position-inside elementor-widget elementor-widget-image-carousel\" data-id=\"9cbf642\" data-element_type=\"widget\" data-settings=\"{&quot;slides_to_show&quot;:&quot;2&quot;,&quot;image_spacing_custom&quot;:{&quot;unit&quot;:&quot;px&quot;,&quot;size&quot;:6,&quot;sizes&quot;:[]},&quot;navigation&quot;:&quot;both&quot;,&quot;autoplay&quot;:&quot;yes&quot;,&quot;pause_on_hover&quot;:&quot;yes&quot;,&quot;pause_on_interaction&quot;:&quot;yes&quot;,&quot;autoplay_speed&quot;:5000,&quot;infinite&quot;:&quot;yes&quot;,&quot;speed&quot;:500,&quot;image_spacing_custom_tablet&quot;:{&quot;unit&quot;:&quot;px&quot;,&quot;size&quot;:&quot;&quot;,&quot;sizes&quot;:[]},&quot;image_spacing_custom_mobile&quot;:{&quot;unit&quot;:&quot;px&quot;,&quot;size&quot;:&quot;&quot;,&quot;sizes&quot;:[]}}\" data-widget_type=\"image-carousel.default\">\n\t\t\t\t<div class=\"elementor-widget-container\">\n\t\t\t\t\t\t\t<div class=\"elementor-image-carousel-wrapper swiper\" role=\"region\" aria-roledescription=\"carousel\" aria-label=\"Carrusel de im\u00e1genes\" dir=\"ltr\">\n\t\t\t<div class=\"elementor-image-carousel swiper-wrapper\" aria-live=\"off\">\n\t\t\t\t\t\t\t\t<div class=\"swiper-slide\" role=\"group\" aria-roledescription=\"slide\" aria-label=\"1 de 7\"><figure class=\"swiper-slide-inner\"><img decoding=\"async\" class=\"swiper-slide-image\" src=\"https:\/\/gtmtourguide.com\/wp-content\/uploads\/2022\/12\/f1609bcd-03ee-470c-9b09-8e6e9a940468-300x224.jpg\" alt=\"f1609bcd-03ee-470c-9b09-8e6e9a940468\" \/><\/figure><\/div><div class=\"swiper-slide\" role=\"group\" aria-roledescription=\"slide\" aria-label=\"2 de 7\"><figure class=\"swiper-slide-inner\"><img decoding=\"async\" class=\"swiper-slide-image\" src=\"https:\/\/gtmtourguide.com\/wp-content\/uploads\/2022\/12\/ad097b5a-0909-4678-ab20-d5daa74eee7f-300x165.jpg\" alt=\"ad097b5a-0909-4678-ab20-d5daa74eee7f\" \/><\/figure><\/div><div class=\"swiper-slide\" role=\"group\" aria-roledescription=\"slide\" aria-label=\"3 de 7\"><figure class=\"swiper-slide-inner\"><img decoding=\"async\" class=\"swiper-slide-image\" src=\"https:\/\/gtmtourguide.com\/wp-content\/uploads\/2022\/12\/51ead076-7130-4639-bf3b-8de3bde1c107-300x225.jpg\" alt=\"51ead076-7130-4639-bf3b-8de3bde1c107\" \/><\/figure><\/div><div class=\"swiper-slide\" role=\"group\" aria-roledescription=\"slide\" aria-label=\"4 de 7\"><figure class=\"swiper-slide-inner\"><img decoding=\"async\" class=\"swiper-slide-image\" src=\"https:\/\/gtmtourguide.com\/wp-content\/uploads\/2022\/12\/22a325e0-da78-4bbe-b804-4cfc45658f65-225x300.jpg\" alt=\"22a325e0-da78-4bbe-b804-4cfc45658f65\" \/><\/figure><\/div><div class=\"swiper-slide\" role=\"group\" aria-roledescription=\"slide\" aria-label=\"5 de 7\"><figure class=\"swiper-slide-inner\"><img decoding=\"async\" class=\"swiper-slide-image\" src=\"https:\/\/gtmtourguide.com\/wp-content\/uploads\/2022\/12\/007ba013-0cf9-40df-bf2b-19c161992cb3-300x225.jpg\" alt=\"007ba013-0cf9-40df-bf2b-19c161992cb3\" \/><\/figure><\/div><div class=\"swiper-slide\" role=\"group\" aria-roledescription=\"slide\" aria-label=\"6 de 7\"><figure class=\"swiper-slide-inner\"><img decoding=\"async\" class=\"swiper-slide-image\" src=\"https:\/\/gtmtourguide.com\/wp-content\/uploads\/2022\/12\/6ace033e-1da0-4f11-875a-e3f4506222f0-300x135.jpg\" alt=\"6ace033e-1da0-4f11-875a-e3f4506222f0\" \/><\/figure><\/div><div class=\"swiper-slide\" role=\"group\" aria-roledescription=\"slide\" aria-label=\"7 de 7\"><figure class=\"swiper-slide-inner\"><img decoding=\"async\" class=\"swiper-slide-image\" src=\"https:\/\/gtmtourguide.com\/wp-content\/uploads\/2022\/12\/1eee35ac-90f8-4478-b5c9-b2da320bd242-300x135.jpg\" alt=\"1eee35ac-90f8-4478-b5c9-b2da320bd242\" \/><\/figure><\/div>\t\t\t<\/div>\n\t\t\t\t\t\t\t\t\t\t\t\t<div class=\"elementor-swiper-button elementor-swiper-button-prev\" role=\"button\" tabindex=\"0\">\n\t\t\t\t\t\t<i aria-hidden=\"true\" class=\"eicon-chevron-left\"><\/i>\t\t\t\t\t<\/div>\n\t\t\t\t\t<div class=\"elementor-swiper-button elementor-swiper-button-next\" role=\"button\" tabindex=\"0\">\n\t\t\t\t\t\t<i aria-hidden=\"true\" class=\"eicon-chevron-right\"><\/i>\t\t\t\t\t<\/div>\n\t\t\t\t\n\t\t\t\t\t\t\t\t\t<div class=\"swiper-pagination\"><\/div>\n\t\t\t\t\t\t\t\t\t<\/div>\n\t\t\t\t\t\t<\/div>\n\t\t\t\t<\/div>\n\t\t\t\t\t<\/div>\n\t\t<\/div>\n\t\t\t\t<div class=\"elementor-column elementor-col-50 elementor-top-column elementor-element elementor-element-2fd94bd\" data-id=\"2fd94bd\" data-element_type=\"column\">\n\t\t\t<div class=\"elementor-widget-wrap elementor-element-populated\">\n\t\t\t\t\t\t<div class=\"elementor-element elementor-element-9fb7885 elementor-widget elementor-widget-text-editor\" data-id=\"9fb7885\" data-element_type=\"widget\" data-widget_type=\"text-editor.default\">\n\t\t\t\t<div class=\"elementor-widget-container\">\n\t\t\t\t\t\t\t\t\t<p><span style=\"font-weight: 400;\">El transporte que te ofrecemos en GTM te brinda el confort que deseas en cada uno de tus viajes, acompa\u00f1ado siempre de pilotos profesionales capacitados y veh\u00edculos debidamente registrados en INGUAT y bien equipados<\/span><\/p><p><\/p><p><span style=\"font-weight: 400;\">Cont\u00e1ctanos ahora y solicita tu pr\u00f3ximo viaje con el confort y profesionalismo de GTM.<\/span><\/p>\t\t\t\t\t\t\t\t<\/div>\n\t\t\t\t<\/div>\n\t\t\t\t\t<\/div>\n\t\t<\/div>\n\t\t\t\t\t<\/div>\n\t\t<\/section>\n\t\t\t\t<section class=\"elementor-section elementor-top-section elementor-element elementor-element-14643bd elementor-section-boxed elementor-section-height-default elementor-section-height-default\" data-id=\"14643bd\" data-element_type=\"section\">\n\t\t\t\t\t\t<div class=\"elementor-container elementor-column-gap-default\">\n\t\t\t\t\t<div class=\"elementor-column elementor-col-100 elementor-top-column elementor-element elementor-element-0bb3935\" data-id=\"0bb3935\" data-element_type=\"column\">\n\t\t\t<div class=\"elementor-widget-wrap elementor-element-populated\">\n\t\t\t\t\t\t<div class=\"elementor-element elementor-element-b30f376 elementor-widget elementor-widget-spacer\" data-id=\"b30f376\" data-element_type=\"widget\" data-widget_type=\"spacer.default\">\n\t\t\t\t<div class=\"elementor-widget-container\">\n\t\t\t\t\t\t\t<div class=\"elementor-spacer\">\n\t\t\t<div class=\"elementor-spacer-inner\"><\/div>\n\t\t<\/div>\n\t\t\t\t\t\t<\/div>\n\t\t\t\t<\/div>\n\t\t\t\t\t<\/div>\n\t\t<\/div>\n\t\t\t\t\t<\/div>\n\t\t<\/section>\n\t\t\t\t<section class=\"elementor-section elementor-top-section elementor-element elementor-element-a2edaa0 elementor-section-boxed elementor-section-height-default elementor-section-height-default elementor-invisible\" data-id=\"a2edaa0\" data-element_type=\"section\" data-settings=\"{&quot;animation&quot;:&quot;fadeInRight&quot;}\">\n\t\t\t\t\t\t<div class=\"elementor-container elementor-column-gap-default\">\n\t\t\t\t\t<div class=\"elementor-column elementor-col-100 elementor-top-column elementor-element elementor-element-d47ee80\" data-id=\"d47ee80\" data-element_type=\"column\">\n\t\t\t<div class=\"elementor-widget-wrap elementor-element-populated\">\n\t\t\t\t\t\t<div class=\"elementor-element elementor-element-2c37d3f premium-woo-product-align-center premium-qv-hidden-yes elementor-widget elementor-widget-premium-woo-products\" data-id=\"2c37d3f\" data-element_type=\"widget\" data-widget_type=\"premium-woo-products.grid-1\">\n\t\t\t\t<div class=\"elementor-widget-container\">\n\t\t\t\t\t<div class=\"premium-woocommerce premium-woo-products-grid premium-woo-skin-grid-1 premium-woo-query-custom\" data-page-id=\"89\" data-skin=\"grid_1\" data-quick-view=\"\"><div class=\"premium-woo-products-inner premium-woo-product__hover-zoomin\"><ul class=\"products columns-3\">\n\r\n<li class=\" post-1075 product first onbackorder shipping-taxable product-type-simple\">\r\n\t<div class=\"premium-woo-product-wrapper premium-con-lq__none\">\r\n\t\t<div class=\"premium-woo-product-thumbnail\"><a href=\"https:\/\/gtmtourguide.com\/index.php\/product\/antigua-quetzaltenango-desde-usd50\/\" class=\"woocommerce-LoopProduct-link woocommerce-loop-product__link\"><img decoding=\"async\" src=\"https:\/\/gtmtourguide.com\/wp-content\/uploads\/2022\/12\/Quetzaltenango-\u2013-Antigua-scaled.jpg\" alt=\"\"><\/a><\/div><div class=\"premium-woo-products-details-wrap\"><a href=\"https:\/\/gtmtourguide.com\/index.php\/product\/antigua-quetzaltenango-desde-usd50\/\" class=\"premium-woo-product__link\"><h2 class=\"woocommerce-loop-product__title\">Antigua &#8211; Quetzaltenango desde USD50<\/h2><\/a><\/div>\t<\/div>\r\n<\/li>\r\n\r\n<li class=\" post-519 product  onbackorder shipping-taxable product-type-simple\">\r\n\t<div class=\"premium-woo-product-wrapper premium-con-lq__none\">\r\n\t\t<div class=\"premium-woo-product-thumbnail\"><a href=\"https:\/\/gtmtourguide.com\/index.php\/product\/san-igancio-belize-flores-1430\/\" class=\"woocommerce-LoopProduct-link woocommerce-loop-product__link\"><img decoding=\"async\" src=\"https:\/\/gtmtourguide.com\/wp-content\/uploads\/2022\/12\/San-Igancio-Belize-\u2013-Flores.jpg\" alt=\"\"><\/a><\/div><div class=\"premium-woo-products-details-wrap\"><a href=\"https:\/\/gtmtourguide.com\/index.php\/product\/san-igancio-belize-flores-1430\/\" class=\"premium-woo-product__link\"><h2 class=\"woocommerce-loop-product__title\">San Igancio Belize \u2013 Flores desde 35 USD<\/h2><\/a><\/div>\t<\/div>\r\n<\/li>\r\n\r\n<li class=\" post-517 product last onbackorder shipping-taxable product-type-simple\">\r\n\t<div class=\"premium-woo-product-wrapper premium-con-lq__none\">\r\n\t\t<div class=\"premium-woo-product-thumbnail\"><a href=\"https:\/\/gtmtourguide.com\/index.php\/product\/belize-city-flores-1230\/\" class=\"woocommerce-LoopProduct-link woocommerce-loop-product__link\"><img decoding=\"async\" src=\"https:\/\/gtmtourguide.com\/wp-content\/uploads\/2022\/12\/Belize-City-\u2013-Flores-1.jpg\" alt=\"\"><\/a><\/div><div class=\"premium-woo-products-details-wrap\"><a href=\"https:\/\/gtmtourguide.com\/index.php\/product\/belize-city-flores-1230\/\" class=\"premium-woo-product__link\"><h2 class=\"woocommerce-loop-product__title\">BELIZE CITY \u2013 FLORES desde USD40<\/h2><\/a><\/div>\t<\/div>\r\n<\/li>\r\n\r\n<li class=\" post-516 product first onbackorder shipping-taxable product-type-simple\">\r\n\t<div class=\"premium-woo-product-wrapper premium-con-lq__none\">\r\n\t\t<div class=\"premium-woo-product-thumbnail\"><a href=\"https:\/\/gtmtourguide.com\/index.php\/product\/flores-san-ignacio-belize-600\/\" class=\"woocommerce-LoopProduct-link woocommerce-loop-product__link\"><img decoding=\"async\" src=\"https:\/\/gtmtourguide.com\/wp-content\/uploads\/2022\/12\/San-Ignacio-Sign-Belize-e1557507225679.jpeg\" alt=\"\"><\/a><\/div><div class=\"premium-woo-products-details-wrap\"><a href=\"https:\/\/gtmtourguide.com\/index.php\/product\/flores-san-ignacio-belize-600\/\" class=\"premium-woo-product__link\"><h2 class=\"woocommerce-loop-product__title\">Flores \u2013 San Ignacio Belize desde USD35<\/h2><\/a><\/div>\t<\/div>\r\n<\/li>\r\n\r\n<li class=\" post-515 product  onbackorder shipping-taxable product-type-simple\">\r\n\t<div class=\"premium-woo-product-wrapper premium-con-lq__none\">\r\n\t\t<div class=\"premium-woo-product-thumbnail\"><a href=\"https:\/\/gtmtourguide.com\/index.php\/product\/flores-belize-city-600\/\" class=\"woocommerce-LoopProduct-link woocommerce-loop-product__link\"><img decoding=\"async\" src=\"https:\/\/gtmtourguide.com\/wp-content\/uploads\/2022\/12\/Flores-\u2013-Belize-City.jpg\" alt=\"\"><\/a><\/div><div class=\"premium-woo-products-details-wrap\"><a href=\"https:\/\/gtmtourguide.com\/index.php\/product\/flores-belize-city-600\/\" class=\"premium-woo-product__link\"><h2 class=\"woocommerce-loop-product__title\">FLORES \u2013 BELIZE CITY desde USD40<\/h2><\/a><\/div>\t<\/div>\r\n<\/li>\r\n\r\n<li class=\" post-513 product last onbackorder shipping-taxable product-type-simple\">\r\n\t<div class=\"premium-woo-product-wrapper premium-con-lq__none\">\r\n\t\t<div class=\"premium-woo-product-thumbnail\"><a href=\"https:\/\/gtmtourguide.com\/index.php\/product\/antigua-lanquin-800\/\" class=\"woocommerce-LoopProduct-link woocommerce-loop-product__link\"><img decoding=\"async\" src=\"https:\/\/gtmtourguide.com\/wp-content\/uploads\/2022\/12\/antigua-arco2-scaled.jpg\" alt=\"\"><\/a><\/div><div class=\"premium-woo-products-details-wrap\"><a href=\"https:\/\/gtmtourguide.com\/index.php\/product\/antigua-lanquin-800\/\" class=\"premium-woo-product__link\"><h2 class=\"woocommerce-loop-product__title\">ANTIGUA \u2013 LANQU\u00cdN desde USD35<\/h2><\/a><\/div>\t<\/div>\r\n<\/li>\r\n\r\n<li class=\" post-511 product first onbackorder shipping-taxable product-type-simple\">\r\n\t<div class=\"premium-woo-product-wrapper premium-con-lq__none\">\r\n\t\t<div class=\"premium-woo-product-thumbnail\"><a href=\"https:\/\/gtmtourguide.com\/index.php\/product\/guatemala-lanquin\/\" class=\"woocommerce-LoopProduct-link woocommerce-loop-product__link\"><img decoding=\"async\" src=\"https:\/\/gtmtourguide.com\/wp-content\/uploads\/2022\/12\/Antigua-\u2013-Lanquin.jpg\" alt=\"\"><\/a><\/div><div class=\"premium-woo-products-details-wrap\"><a href=\"https:\/\/gtmtourguide.com\/index.php\/product\/guatemala-lanquin\/\" class=\"premium-woo-product__link\"><h2 class=\"woocommerce-loop-product__title\">GUATEMALA \u2013 LANQU\u00cdN desde USD42<\/h2><\/a><\/div>\t<\/div>\r\n<\/li>\r\n\r\n<li class=\" post-509 product  onbackorder shipping-taxable product-type-simple\">\r\n\t<div class=\"premium-woo-product-wrapper premium-con-lq__none\">\r\n\t\t<div class=\"premium-woo-product-thumbnail\"><a href=\"https:\/\/gtmtourguide.com\/index.php\/product\/quetzaltenango-san-cristobal-de-las-casas\/\" class=\"woocommerce-LoopProduct-link woocommerce-loop-product__link\"><img decoding=\"async\" src=\"https:\/\/gtmtourguide.com\/wp-content\/uploads\/2022\/12\/Quetzaltenango-\u2013-San.jpg\" alt=\"\"><\/a><\/div><div class=\"premium-woo-products-details-wrap\"><a href=\"https:\/\/gtmtourguide.com\/index.php\/product\/quetzaltenango-san-cristobal-de-las-casas\/\" class=\"premium-woo-product__link\"><h2 class=\"woocommerce-loop-product__title\">Quetzaltenango \u2013 San  Crist\u00f3bal de las Casas desde USD80<\/h2><\/a><\/div>\t<\/div>\r\n<\/li>\r\n\r\n<li class=\" post-508 product last onbackorder shipping-taxable product-type-simple\">\r\n\t<div class=\"premium-woo-product-wrapper premium-con-lq__none\">\r\n\t\t<div class=\"premium-woo-product-thumbnail\"><a href=\"https:\/\/gtmtourguide.com\/index.php\/product\/quetzaltenango-antigua-800\/\" class=\"woocommerce-LoopProduct-link woocommerce-loop-product__link\"><img decoding=\"async\" src=\"https:\/\/gtmtourguide.com\/wp-content\/uploads\/2022\/12\/Quetzaltenango-\u2013-Antigua-scaled.jpg\" alt=\"\"><\/a><\/div><div class=\"premium-woo-products-details-wrap\"><a href=\"https:\/\/gtmtourguide.com\/index.php\/product\/quetzaltenango-antigua-800\/\" class=\"premium-woo-product__link\"><h2 class=\"woocommerce-loop-product__title\">Quetzaltenango \u2013 Antigua desde USD50<\/h2><\/a><\/div>\t<\/div>\r\n<\/li>\r\n\r\n<li class=\" post-507 product first onbackorder shipping-taxable product-type-simple\">\r\n\t<div class=\"premium-woo-product-wrapper premium-con-lq__none\">\r\n\t\t<div class=\"premium-woo-product-thumbnail\"><a href=\"https:\/\/gtmtourguide.com\/index.php\/product\/antigua-flores-tikal\/\" class=\"woocommerce-LoopProduct-link woocommerce-loop-product__link\"><img decoding=\"async\" src=\"https:\/\/gtmtourguide.com\/wp-content\/uploads\/2022\/12\/Antigua-\u2013-Flores-Tikal.jpg\" alt=\"\"><\/a><\/div><div class=\"premium-woo-products-details-wrap\"><a href=\"https:\/\/gtmtourguide.com\/index.php\/product\/antigua-flores-tikal\/\" class=\"premium-woo-product__link\"><h2 class=\"woocommerce-loop-product__title\">Antigua \u2013 Flores (Tikal) desde USD52<\/h2><\/a><\/div>\t<\/div>\r\n<\/li>\r\n\r\n<li class=\" post-506 product  onbackorder shipping-taxable product-type-simple\">\r\n\t<div class=\"premium-woo-product-wrapper premium-con-lq__none\">\r\n\t\t<div class=\"premium-woo-product-thumbnail\"><a href=\"https:\/\/gtmtourguide.com\/index.php\/product\/flores-antigua\/\" class=\"woocommerce-LoopProduct-link woocommerce-loop-product__link\"><img decoding=\"async\" src=\"https:\/\/gtmtourguide.com\/wp-content\/uploads\/2022\/12\/Flores-\u2013-Antigua.jpg\" alt=\"\"><\/a><\/div><div class=\"premium-woo-products-details-wrap\"><a href=\"https:\/\/gtmtourguide.com\/index.php\/product\/flores-antigua\/\" class=\"premium-woo-product__link\"><h2 class=\"woocommerce-loop-product__title\">Flores \u2013 Antigua desde USD52<\/h2><\/a><\/div>\t<\/div>\r\n<\/li>\r\n\r\n<li class=\" post-502 product last onbackorder shipping-taxable product-type-simple\">\r\n\t<div class=\"premium-woo-product-wrapper premium-con-lq__none\">\r\n\t\t<div class=\"premium-woo-product-thumbnail\"><a href=\"https:\/\/gtmtourguide.com\/index.php\/product\/flores-ciudad-de-guatemala\/\" class=\"woocommerce-LoopProduct-link woocommerce-loop-product__link\"><img decoding=\"async\" src=\"https:\/\/gtmtourguide.com\/wp-content\/uploads\/2022\/12\/flores-ciudad-de-guatemala-scaled.jpg\" alt=\"\"><\/a><\/div><div class=\"premium-woo-products-details-wrap\"><a href=\"https:\/\/gtmtourguide.com\/index.php\/product\/flores-ciudad-de-guatemala\/\" class=\"premium-woo-product__link\"><h2 class=\"woocommerce-loop-product__title\">Flores \u2013 Ciudad de Guatemala desde USD42<\/h2><\/a><\/div>\t<\/div>\r\n<\/li>\r\n<\/ul>\n\t\t\t<div class=\"premium-woo-load-more\">\n\t\t\t\t<button class=\"premium-woo-load-more-btn\" data-products=\"12\" data-order=\"date ID\" data-tax=\"\">\n\t\t\t\t\t<span>Cargar m\u00e1s<\/span>\n\t\t\t\t\t<span class=\"premium-woo-products-num\">(12)<\/span>\n\t\t\t\t<\/button>\n\t\t\t<\/div>\n\t\t<\/div><\/div>\t\t\t\t<\/div>\n\t\t\t\t<\/div>\n\t\t\t\t\t<\/div>\n\t\t<\/div>\n\t\t\t\t\t<\/div>\n\t\t<\/section>\n\t\t\t\t<\/div>\n\t\t","protected":false},"excerpt":{"rendered":"<p>TRASLADOS Nuestros transportes El transporte que te ofrecemos en GTM te brinda el confort que deseas en cada uno de tus viajes, acompa\u00f1ado siempre de pilotos profesionales capacitados y veh\u00edculos debidamente registrados en INGUAT y bien equipados Cont\u00e1ctanos ahora y solicita tu pr\u00f3ximo viaje con el confort y profesionalismo de [&hellip;]<\/p>\n","protected":false},"author":1,"featured_media":0,"parent":0,"menu_order":0,"comment_status":"closed","ping_status":"closed","template":"elementor_header_footer","meta":{"om_disable_all_campaigns":false,"footnotes":""},"class_list":["post-89","page","type-page","status-publish","hentry"],"aioseo_notices":[],"_links":{"self":[{"href":"https:\/\/gtmtourguide.com\/index.php\/wp-json\/wp\/v2\/pages\/89","targetHints":{"allow":["GET"]}}],"collection":[{"href":"https:\/\/gtmtourguide.com\/index.php\/wp-json\/wp\/v2\/pages"}],"about":[{"href":"https:\/\/gtmtourguide.com\/index.php\/wp-json\/wp\/v2\/types\/page"}],"author":[{"embeddable":true,"href":"https:\/\/gtmtourguide.com\/index.php\/wp-json\/wp\/v2\/users\/1"}],"replies":[{"embeddable":true,"href":"https:\/\/gtmtourguide.com\/index.php\/wp-json\/wp\/v2\/comments?post=89"}],"version-history":[{"count":42,"href":"https:\/\/gtmtourguide.com\/index.php\/wp-json\/wp\/v2\/pages\/89\/revisions"}],"predecessor-version":[{"id":1508,"href":"https:\/\/gtmtourguide.com\/index.php\/wp-json\/wp\/v2\/pages\/89\/revisions\/1508"}],"wp:attachment":[{"href":"https:\/\/gtmtourguide.com\/index.php\/wp-json\/wp\/v2\/media?parent=89"}],"curies":[{"name":"wp","href":"https:\/\/api.w.org\/{rel}","templated":true}]}}